 the highest common divisor of 900222 and 11977.
59
Calculate the highest common factor of 5142070 and 253200.
2110
Calculate the greatest common divisor of 979 and 731936.
89
Calculate the highest common factor of 7714 and 212002.
266
What is the highest common factor of 37370 and 4141?
101
What is the highest common divisor of 38170 and 30298305?
1735
What is the highest common divisor of 3475960 and 1608?
536
Calculate the highest common divisor of 139532328 and 3672.
3672
Calculate the highest common factor of 558653076 and 64830.
12966
Calculate the highest common factor of 712 and 92768.
8
Calculate the greatest common divisor of 655142880 and 1168.
1168
What is the greatest common divisor of 33933548 and 308?
44
Calculate the greatest common divisor of 129099 and 759.
69
Calculate the greatest common divisor of 1240 and 571697040.
1240
Calculate the greatest common divisor of 229 and 25298317.
229
What is the greatest common factor of 5226 and 86631?
201
Calculate the highest common divisor of 120 and 2293128.
24
Calculate the greatest common factor of 1067069825 and 925.
925
Calculate the greatest common divisor of 1785 and 60971820.
105
What is the highest common factor of 965 and 68095?
5
Calculate the greatest common divisor of 140060553 and 6096.
381
What is the greatest common factor of 4646291 and 65?
13
Calculate the highest common factor of 379350 and 525189.
843
Calculate the greatest common divisor of 10 and 98318340.
10
What is the highest common factor of 1245547 and 2115?
47
Calculate the greatest common factor of 5730 and 9125980.
1910
Calculate the highest common divisor of 232 and 142216.
232
Calculate the greatest common factor of 116576424 and 9.
9
What is the highest common divisor of 2911 and 1341545?
71
What is the highest common divisor of 551668 and 6994?
26
Calculate the greatest common factor of 38174730 and 5742.
1914
What is the highest common factor of 88892661 and 5995?
1199
Calculate the highest common factor of 15 and 169930165.
5
Calculate the highest common factor of 4345 and 2647527.
79
Calculate the greatest common divisor of 1683177 and 9.
3
What is the highest common divisor of 9304785 and 3052?
763
What is the highest common divisor of 9222 and 6554058?
174
What is the greatest common factor of 14150785 and 55?
55
What is the highest common divisor of 646626 and 8742?
282
Calculate the highest common factor of 883 and 321947981.
883
Calculate the highest common divisor of 6470 and 1730.
10
What is the highest common factor of 686 and 21798728?
98
What is the greatest common divisor of 277200 and 59535?
315
What is the greatest common factor of 644150 and 1846?
26
Calculate the greatest common divisor of 95484 and 54282.
654
What is the greatest common factor of 533 and 1402733?
41
Calculate the highest common divisor of 421040 and 94457.
277
What is the highest common factor of 685075 and 177550?
1675
Calculate the highest common divisor of 1485 and 8152815.
165
What is the greatest common divisor of 677055 and 60?
15
Calculate the greatest common divisor of 120738722 and 16289.
2327
Calculate the highest common divisor of 4771 and 215429.
367
Calculate the greatest common divisor of 45 and 3766845.
15
What is the greatest common factor of 22323354 and 6504?
1626
What is the greatest common factor of 127462 and 195610?
1262
What is the highest common divisor of 3669414 and 43904?
686
What is the highest common divisor of 23216272 and 496?
496
What is the greatest common divisor of 1864490 and 7990?
470
Calculate the greatest common divisor of 2775 and 102547350.
2775
What is the greatest common divisor of 12343115 and 155?
155
What is the greatest common factor of 64357433 and 6517?
343
Calculate the highest common factor of 40 and 188938550.
10
What is the greatest common factor of 298451968 and 2048?
1024
Calculate the highest common divisor of 6460120 and 35.
5
Calculate the greatest common divisor of 176 and 449851138.
22
What is the highest common factor of 6836228 and 2436?
812
Calculate the greatest common factor of 989 and 875909.
23
What is the highest common factor of 4953772 and 3486?
166
Calculate the highest common divisor of 52811308 and 108.
4
Calculate the highest common factor of 275010120 and 24640.
3080
What is the greatest common factor of 88889430 and 952?
238
Calculate the greatest common divisor of 8584 and 481207237.
1073
Calculate the greatest common factor of 5413250 and 6606.
734
Calculate the greatest common divisor of 130 and 318994.
26
What is the highest common factor of 24190282 and 5734?
122
What is the greatest common divisor of 1184199 and 183?
3
What is the greatest common factor of 7357 and 31232567?
1051
Calculate the highest common factor of 356324 and 350370.
458
What is the highest common factor of 963757 and 205243?
167
Calculate the greatest common divisor of 3050 and 40249264.
122
What is the greatest common divisor of 1340 and 45269890?
670
Calculate the highest common factor of 4081151 and 413788.
3337
Calculate the highest common factor of 272 and 5517129.
17
Calculate the greatest common factor of 498615 and 22425.
195
What is the greatest common divisor of 16 and 47088416?
16
Calculate the highest common factor of 143 and 1813797271.
143
Calculate the highest common divisor of 759110 and 30016.
134
Calculate the highest common divisor of 186867 and 1229631.
2307
Calculate the greatest common factor of 4496 and 83708.
4
What is the highest common factor of 108444 and 3087?
21
What is the greatest common divisor of 376 and 132594191?
47
Calculate the greatest common divisor of 19684 and 31894.
74
What is the greatest common factor of 23307112 and 752?
376
What is the greatest common divisor of 73076384 and 32?
32
Calculate the highest common divisor of 396250 and 160000.
1250
What is the highest common factor of 544785638 and 119?
17
Calculate the greatest common factor of 1378 and 19080.
106
Calculate the greatest common factor of 1840314 and 129430.
602
Calculate the highest common factor of 283153930 and 20.
10
What is the greatest common divisor of 54910 and 1182010?
2890
What is the greatest common factor of 396471600 and 48?
48
What is the highest common divisor of 135353 and 1187?
1
Calculate the greatest common factor of 5263300 and 35.
35
What is the highest common factor of 99696638 and 139?
139
Calculate the greatest common divisor of 136000 and 295766.
34
Calculate the greatest common factor of 641196805 and 1465.
1465
Calculate the greatest common divisor of 111832 and 329.
7
Calculate the highest common divisor of 36755598 and 1156.
578
Calculate the greatest common divisor of 18 and 569944827.
9
What is the highest common divisor of 49002036 and 36?
12
What is the greatest common factor of 5527587 and 3081?
39
Calculate the highest common divisor of 55053339 and 957.
957
What is the greatest common factor of 1399 and 170407993?
1399
Calculate the greatest common divisor of 1357 and 847688.
23
What is the highest common factor of 1348947369 and 5698?
2849
What is the highest common divisor of 929807856 and 388?
388
What is the greatest common divisor of 42079 and 3637657?
1451
What is the greatest common divisor of 6987476 and 974?
974
Calculate the greatest common divisor of 1198660 and 219000.
1460
Calculate the highest common factor of 13916 and 22269079.
3479
Calculate the greatest common factor of 438564 and 353212.
908
What is the highest common divisor of 127636663 and 3091?
3091
Calculate the highest common divisor of 285 and 10041918.
57
What is the highest common factor of 1339529944 and 5624?
5624
Calculate the highest common factor of 13560 and 52987960.
4520
Calculate the greatest common divisor of 2849 and 2588187.
259
Calculate the highest common divisor of 1525253 and 3943917.
3397
What is the highest common factor of 11739384 and 157320?
1656
Calculate the highest common divisor of 22520764 and 56.
28
What is the highest common divisor of 4275976 and 128248?
3128
Calculate the highest common divisor of 1216 and 34884608.
1216
What is the greatest common factor of 7545 and 168709218?
1509
Calculate the greatest common divisor of 251487 and 2439.
9
Calculate the greatest common divisor of 616 and 392719096.
616
What is